se -10 = 5*w, -5*x + 25 = 2*w - 1. Suppose -1053 = -3*t + q, -q = -4*t - x*q + 1385. Suppose 0 = 7*v + 14 - t. What is the tens digit of v?
4
Let x(d) = 76*d**2 - 22*d - 966. What is the thousands digit of x(-28)?
9
Suppose -3*n - 4*o = -90158, n - 5*o + 2*o = 30044. Suppose -25*m = -0*m - n. What is the hundreds digit of m?
2
Suppose -4*g - 30651 = 486*y - 491*y, -y - 5*g = -6107. What is the thousands digit of y?
6
Let x = 35366 - 17653. What is the thousands digit of x?
7
What is the units digit of 2*2935 - (18/18)/(-1)?
1
Let y = 11913 + -4511. What is the units digit of y?
2
Let c = -2835 + 9374. What is the thousands digit of c?
6
What is the tens digit of (27485/15 + 3)/((-4)/(-36))?
1
Let y(x) = 22161*x**3 + 3*x**2 - 32*x + 29. What is the hundreds digit of y(1)?
1
Suppose 2*r = -3*h + 48871, -29*h + 24*h - 170971 = -7*r. What is the units digit of r?
8
Let l(w) = 16*w**2 + 6*w**2 - 3 - w + 7*w**2. Let s be l(-2). What is the tens digit of ((-13)/3)/((s/30)/(-23))?
2
Let g(u) = -82*u + 151*u + 5*u**2 + u**2 + 39 - 75*u. What is the units digit of g(9)?
1
Let a = -732 + 1198. Suppose 0 = 2*n - a + 116. What is the tens digit of n?
7
Let p = -11333 + 34613. What is the thousands digit of p?
3
Let c = 9 - 18. Let b(i) be the first derivative of -i**4/4 - 10*i**3/3 - 11*i**2/2 + 9*i + 157. What is the tens digit of b(c)?
2
Let s(z) = -z**3 + 2*z**2 - 2*z + 82. Let h(l) = l**3 + 10*l**2 + 8*l - 9. Let g be h(-9). What is the units digit of s(g)?
2
Let s be -3 + 0 - ((-2725)/5 + 7). Suppose 4*j = -7*f + 6*f + s, 4*f = -4*j + 2080. What is the hundreds digit of f?
5
Let f = 38 - 12. Let d = -53 + f. What is the units digit of 7/9 - (87/d + 3)?
1
Suppose 335*a - 340*a = 661280. What is the tens digit of -5 - (a/192 + 1/(-6))?
8
Let z be (-1)/5*0 + 1. Let s be (-2)/((16/84)/(-15 + z)). Suppose -11*l + s = -4*l. What is the units digit of l?
1
What is the tens digit of 15/(-5*(-10)/20) + 4309?
1
Let f = 139 + 622. Suppose v - f = -2*h, -3*h = -5 + 20. What is the hundreds digit of v?
7
Let s(o) = -5*o**2 - 15*o + 45. Let u be s(8). Let r = 810 + u. What is the tens digit of r?
1
Let y(n) = -2*n**3 + 9*n**2 + 11*n + 26. Let o be (24/(-1))/4 + (-6)/2. Let l be y(o). Suppose 13*c = -c + l. What is the units digit of c?
1
Suppose -5*g = 2*x - 0*x - 38, x = 3*g - 25. Let h(b) = 16*b + 40. What is the tens digit of h(g)?
6
Suppose -o - 4*q + 173 = 4*o, 3*o = 2*q + 95. Let s = 8 - o. Let g = 2 - s. What is the units digit of g?
7
Suppose -141*k + 35*k = -443928. What is the hundreds digit of k?
1
Suppose 9*p - 30 = -p. What is the tens digit of (650 - p) + -4*4/8?
4
Let x = -27 - -36. Suppose -2*l = -119 + x. Suppose k - l = -27. What is the units digit of k?
8
Suppose -4*x + 370 = 4*r - 5210, -3*x = -12. Let w = r - 794. What is the units digit of w?
7
Suppose 5*s + n = 14, 3*s - s - n = 0. Suppose 0 = -2*l + 2*b - 6*b + 1620, -s*l = -b - 1645. What is the hundreds digit of l?
8
Let f(q) = -238*q + 2527. What is the hundreds digit of f(0)?
5
Let c(f) = 25*f**2 - 62*f + 106. What is the units digit of c(18)?
0
Let k(p) = -p**2 + p + 4. Let j be k(0). Suppose 3*i = -a + 6*a - j, 0 = 4*i + a - 10. What is the units digit of ((i - 3)/(-1))/(1/7)?
7
Suppose -4*p + 33*x + 70504 = 29*x, -x = 3*p - 52886. What is the thousands digit of p?
7
What is the units digit of 4/(-3) - (863060/396)/((-3)/9)?
7
Let q(h) = -2*h**3 - 9*h**2 + 34*h - 27. Let s be q(-13). Let n = -1523 + s. What is the hundreds digit of n?
8
Suppose -53*h + 55*h = 7224. What is the thousands digit of h?
3
Let k = -25 - -27. Suppose -m - c - 43 + 4 = 0, -5*m = k*c + 204. Let n = -25 - m. What is the tens digit of n?
1
Let w(a) = 5*a + 6. Let h(n) = -21*n - 25. Let g(x) = 2*h(x) + 9*w(x). Let y be g(0). Suppose -3*b + 5 = -7, 0 = y*j - 3*b - 196. What is the tens digit of j?
5
Suppose 0*h - 3388 = -4*h. Suppose 4*d = -311 + h. Let o = d + -41. What is the units digit of o?
3
Let a(x) = 8*x**3 - 10*x**2 - 9*x - 4. Let v be a(-4). Let g be 2/(-9) - (v/72)/(-5). What is the tens digit of (-1)/(-1*g/(-28))?
1
Let v be 3*(-4)/(-12)*-1. What is the hundreds digit of ((-6585)/45)/(v/3)?
4
What is the thousands digit of 21607*((-156)/(-13))/12?
1
Suppose -2*y - 2 + 12 = 0. Suppose 54*w = -28*w + 4920. Suppose -n - 4*m = -57, -m + w = y*n - 130. What is the units digit of n?
7
Let d = 6904 - 3995. What is the units digit of d?
9
Let a(m) = m**3 + 14*m**2 - 20*m - 12. Suppose -83 - 9 = -j. Suppose -12*p - j = 88. What is the tens digit of a(p)?
6
Let h(b) = -b + 5. Let i be h(2). Suppose 5*w - 12 = o, i*w - 4*w = o. Suppose w*n - 8 = -0*z - 2*z, n = z. What is the units digit of z?
2
Suppose 7*d = -0*d. Suppose -3*w = -d*w + 162. Let o = w - -123. What is the units digit of o?
9
Suppose -j - 5*r + 234 = -835, -5*j + 5445 = 5*r. Suppose j = 3*w + 2*l, 6*w - w - 3*l = 1798. What is the tens digit of w?
6
Let q be (-7)/(-21) - 0 - (-5)/3. Let p be (1 - q)/1*-4. Suppose -p*i + 8 = -4*m, -5*i - 6 + 24 = 3*m. What is the units digit of i?
3
Let s(g) = 10*g + 1144. What is the tens digit of s(127)?
1
Suppose 2*l - 4*l + 5*f = -12, 2*l - f - 20 = 0. Let r = -23 + l. What is the units digit of (-1)/(r/(-8)*2/(-69))?
3
Suppose 37*n + 301250 = 48*n + j, -4*j = 4*n - 109520. What is the ten thousands digit of n?
2
Suppose -2*w = -3*x + 2752, 5*x - 632 = -2*w + 3976. Suppose x*g = 910*g + 14440. What is the units digit of g?
4
Let y = 16297 + -9752. What is the tens digit of y?
4
Suppose 3*v = 2*v - 18. What is the units digit of 434 + -24 - (v/3 - -2)?
4
Let p = -2157 + 4692. What is the units digit of p?
5
Let v = 47 + -6. Let i = -257 + v. Let m = i - -458. What is the hundreds digit of m?
2
Suppose -n - 10*z + 15258 = -15*z, -n + 3*z = -15254. What is the hundreds digit of n?
2
Let o(s) = 12*s - 22. Let d be o(2). Suppose d*p + 3*n = 904, 3*p + 6 - 1355 = -n. What is the tens digit of p?
4
Let z(x) = -x**3 + 7*x**2 + 17*x - 58. Let l be z(8). Suppose d - l*d = -10478. What is the tens digit of d?
0
Suppose 4*b = -2*u + 254, -2*b + 5*u - 173 = -5*b. Suppose 71*n = b*n + 135. What is the tens digit of n?
2
Suppose 19*n - 2132 - 4993 = 0. Suppose -5*q = -5*o - n, -o + 69 = -2*q + 3*q. What is the tens digit of q?
7
Let d = 48 + -55. What is the tens digit of 35016/56 + 2/d?
2
Let k(a) = -3*a - 41. Let i(d) = 3*d + 41. Let l(p) = -6*i(p) - 7*k(p). Let o be l(-13). What is the units digit of ((-26)/(-1))/(((-2)/o)/(-7))?
2
Let h = -120 - -121. Let j be (31 - 37)*2/(-3)*h. Suppose -c + 150 = 4*c - 5*g, 2*c = -j*g + 30. What is the units digit of c?
5
Suppose -t - 3*t - s = -680, 875 = 5*t - 5*s. Suppose 3*m + 762 = t. Let x = -119 - m. What is the tens digit of x?
7
What is the tens digit of 84*(-906)/(-60)*5?
4
Suppose 102*m + 1032342 = 124*m + 65*m. What is the units digit of m?
6
What is the units digit of (-4935)/10*(-80)/30 - (-3 - -1)?
8
Let k be 3 + (-5 - (-18)/6). What is the units digit of 275 + 1/(k/1)?
6
Suppose -i + 64 = 4*a - 59, 4*i + 2*a - 450 = 0. Suppose 97*z + 22400 = i*z. What is the units digit of z?
0
Suppose 8 = -3*b - b, -2*z - 5*b = -12. Let a(x) = -x**3 + 11*x**2 - 6*x + 13. Let n be a(z). Let v = 4 - n. What is the units digit of v?
7
Suppose 398125 = 13*h + 10*h + 12*h. What is the ten thousands digit of h?
1
Let q be (4 + -13)*(-4)/4*1. Suppose -g + 1 = -3*g - i, i = 2*g - q. What is the tens digit of -4 + g + (5 - -21)?
2
Let f = -17678 - -33684. What is the ten thousands digit of f?
1
Let w be 0*(2 - 9/6). Suppose w = 5*l - 4 - 6. Suppose l*b = b + 9. What is the units digit of b?
9
Let q(h) = -79*h + 339*h + 153*h + 21 + 9. What is the hundreds digit of q(1)?
4
Let j(x) = -x**3 - 2*x**2 + 18*x + 5098. What is the thousands digit of j(0)?
5
Let k = -9441 - -81403. What is the tens digit of k?
6
Let l(f) = 51*f**3 - 28*f**2 + 77*f + 1. What is the units digit of l(8)?
7
Suppose 2*i + 2128 + 6308 = 0. What is the units digit of 68/85 + i/(-15)?
2
Suppose 2*r - 7*r + 250 = 0. Let i(y) = y**2 + 64*y + 58. Let c be i(-66). Suppose 4*q + r = c. What is the units digit of q?
5
Let r(l) = 1363*l + 188. What is the hundreds digit of r(4)?
6
Suppose -b + 236 = 4*t, 2*b + 4*t - 407 = 49. Let s(h) = -13*h - 11. Let k be s(-1). Suppose -c + 5*o + 0*o = -110, k*c - 3*o = b. What is the units digi